= 3*d**2 + 4*d + 3. Calculate h(-4).
35
Let g(n) = -9*n - 27. Give g(-2).
-9
Let w(f) = -f**2 - 19. Give w(4).
-35
Let x(u) = 3*u**2 + 12*u - 100. What is x(4)?
-4
Let j(k) = -5*k**3 + 13*k**2 + 3*k - 13. Give j(3).
-22
Let j(n) = -4*n. What is j(-8)?
32
Let z(u) = -u**3 + 13*u**2 - 16*u - 1. Determine z(12).
-49
Let q(z) = -z**3 - 2*z**2 + 3*z + 1. Give q(-3).
1
Let y(r) = -r - 14. Give y(2).
-16
Let h(l) = -51*l + 94. Determine h(2).
-8
Let k(s) = 12*s**3 - s**2 - s + 2. Give k(-2).
-96
Let m(x) = x**3 + 6*x**2 + 4*x + 2. Determine m(-6).
-22
Let l(d) = d**3 - 4*d**2 - 13*d + 52. What is l(4)?
0
Let g(q) = q**3 - 3*q**2 - 2*q + 6. Give g(4).
14
Let s(z) = -z**3 - 10*z**2 - 19*z - 9. Determine s(-8).
15
Let t(g) = 7*g + 9. Give t(5).
44
Let q(w) = w**3 + 4*w**2 - 6*w - 8. Give q(-3).
19
Let h(k) = 2*k - 2. What is h(4)?
6
Let q(z) = z**2 - 4*z + 7. Determine q(5).
12
Let n(f) = -3*f - 24. What is n(-6)?
-6
Let r(o) = -8*o + 1. Calculate r(9).
-71
Let b(i) = 13*i + 2. Give b(-1).
-11
Let l(i) = i**2 + 3*i - 20. What is l(-7)?
8
Let o(z) = z**3 + 8*z**2 + 8*z + 20. Give o(-7).
13
Let r(p) = -p + 11. What is r(-8)?
19
Let y(s) = s + 24. Calculate y(-14).
10
Let b(z) = -2*z**2 - 36*z + 8. Calculate b(-15).
98
Let k(o) = -o**2 + 15*o - 11. Determine k(15).
-11
Let t(c) = -c**3 - c**2 + 6*c + 1. Calculate t(-4).
25
Let b(q) = q**3 - 8*q**2 - 10*q + 22. Calculate b(9).
13
Let n(t) = -t**3 + 12*t**2 + 20*t - 233. Give n(12).
7
Let r(p) = -23*p + 8. Give r(3).
-61
Let b(y) = -10*y - 3. What is b(-4)?
37
Let p(n) = -n**3 + 2*n**2 - 2*n + 18. Calculate p(3).
3
Let b(f) = 7*f**3 + 3*f**2. Give b(-2).
-44
Let n(z) = -2*z - 19. Give n(3).
-25
Let n(d) = -d**3 - 18*d**2 + 87*d - 30. Determine n(-22).
-8
Let h(l) = -l**3 + 6*l**2 - 7. Give h(6).
-7
Let l(t) = -4*t**2 - 15*t + 31. What is l(2)?
-15
Let q(t) = -t**2 - 5*t + 26. Calculate q(11).
-150
Let y(i) = -3*i**2 - 18*i + 23. Determine y(-7).
2
Let u(b) = b**3 + 19*b**2 - 39*b + 62. Calculate u(-21).
-1
Let s(i) = -24*i - 36. Determine s(-3).
36
Let t(o) = o**3 - 2*o**2 + 2*o + 52. Determine t(0).
52
Let l(k) = -k + 8. Give l(14).
-6
Let x(s) = -s**2 + 6*s + 4. What is x(5)?
9
Let d(r) = -r**3 - 4*r**2 + 15*r + 10. Determine d(-6).
-8
Let d(n) = -3*n**3 + n**2 + 1. What is d(-3)?
91
Let q(t) = 6*t - 45. Give q(10).
15
Let d(p) = -p**3 - 30*p**2 + 67*p + 77. What is d(-32)?
-19
Let h(j) = -2*j**2 - 49*j - 20. What is h(-24)?
4
Let g(i) = i**2 + 2*i + 9. Calculate g(0).
9
Let h(u) = u**2 - 13. What is h(-7)?
36
Let z(p) = 8*p**3 - 1. What is z(1)?
7
Let h(r) = -8*r + 2. Determine h(1).
-6
Let z(d) = d**3 - 6*d**2 + 4*d - 27. Determine z(6).
-3
Let v(c) = -2*c + 3. Calculate v(6).
-9
Let i(r) = -r**2 - 12*r + 3. Calculate i(-12).
3
Let m(n) = -n**3 - 2*n**2 - 2*n - 2. Calculate m(-2).
2
Let l(y) = 5*y - 9. Determine l(4).
11
Let g(r) = -r**3 - 38*r**2 - 35*r + 73. Give g(-37).
-1
Let x(u) = 2*u**3 + 2*u**2 - u + 3. What is x(-3)?
-30
Let v(b) = -b**2 - 2*b + 2. Determine v(-5).
-13
Let p(v) = v**2 + 18*v - 89. Determine p(4).
-1
Let p(s) = -s. Determine p(3).
-3
Let d(w) = w**2 + 51*w + 62. Give d(-50).
12
Let m(y) = y**2 + 13*y - 13. Calculate m(-10).
-43
Let v(j) = 7*j + 120. What is v(-17)?
1
Let z(p) = 2*p**2 - 43*p + 17. Give z(21).
-4
Let q(u) = -54*u + 103. Determine q(2).
-5
Let d(w) = -w**2 + 7*w - 9. What is d(6)?
-3
Let b(a) = -4*a**3 - a**2 + 2*a - 3. Calculate b(2).
-35
Let a(p) = -4*p**3 + 64*p**2 - 2*p - 12. Calculate a(16).
-44
Let d(p) = p**2 + 4*p - 10. Calculate d(-4).
-10
Let k(b) = b**2 - 5*b + 9. Give k(4).
5
Let l(o) = 4*o**2 + 4*o - 1. Calculate l(3).
47
Let u(j) = j**3 - 8*j**2 + 8*j. Determine u(6).
-24
Let q(l) = -3*l**3 - 5*l**2 + 3*l + 1. Calculate q(1).
-4
Let q(i) = -10*i**2 - 56*i + 20. Determine q(-6).
-4
Let r(o) = 8*o**3 + o**2 - 1. What is r(-1)?
-8
Let p(t) = 8*t - 25. Give p(14).
87
Let d(x) = 3*x - 14. Give d(7).
7
Let k(f) = 5*f + 9. What is k(4)?
29
Let t(c) = -10*c**2 - 32*c + 14. Give t(-3).
20
Let d(t) = t + 21. What is d(-24)?
-3
Let r(u) = 2*u**3 - 3*u**2 - 23*u + 3. Calculate r(-4).
-81
Let w(i) = i**2 + 21*i + 44. What is w(-18)?
-10
Let v(j) = j**3 + 5*j**2 + 2*j - 8. Calculate v(-4).
0
Let w(k) = k**2 + 15*k + 6. Determine w(-13).
-20
Let p(w) = w**2 + 8*w + 14. Determine p(-7).
7
Let f(p) = -2*p**2 - 17*p + 3. Calculate f(-9).
-6
Let o(u) = u**3 - u + 10. What is o(0)?
10
Let g(z) = 3*z - 66. Determine g(21).
-3
Let w(a) = 9*a + 14. Calculate w(-5).
-31
Let u(r) = r**3 - 3*r**2 - 9*r + 22. Give u(4).
2
Let a(y) = -y**3 + 2*y**2 + 7*y - 5. Give a(4).
-9
Let x(m) = 28*m + 2433. Calculate x(-87).
-3
Let q(b) = -b**2 - 19*b - 37. Calculate q(-12).
47
Let d(b) = 3*b - 4. Give d(-10).
-34
Let c(s) = 2*s - 13. Determine c(7).
1
Let q(w) = -w**2 + 12*w - 3. What is q(12)?
-3
Let y(j) = -28*j - 188. Calculate y(-7).
8
Let q(g) = -4*g - 33. What is q(-9)?
3
Let o(u) = u + 79. Determine o(0).
79
Let w(s) = s**3 + 10*s**2 + 20*s - 7. Calculate w(-7).
0
Let k(r) = -r**3 + 18*r**2 - 47*r + 19. Calculate k(15).
-11
Let d(m) = 34*m + 70. Determine d(-3).
-32
Let z(l) = -24*l - 8. Calculate z(-1).
16
Let z(c) = -2*c - 5. What is z(2)?
-9
Let r(m) = -m**3 - 4*m**2 + 11*m - 12. What is r(2)?
-14
Let b(l) = -l**2 - l + 19. Give b(6).
-23
Let u(p) = p**2 + 5*p - 1. Give u(-5).
-1
Let z(f) = -6*f + 10. Give z(7).
-32
Let k(g) = g - 5. Determine k(13).
8
Let p(t) = -101*t**3 + 3*t - 2. Give p(1).
-100
Let d(c) = -c**2 + c. What is d(-2)?
-6
Let z(f) = -2*f**2 + 5*f + 3. Calculate z(-1).
-4
Let b(a) = -a**2 + 35*a - 32. Give b(34).
2
Let r(l) = -l**3 + 3*l + 131. Calculate r(0).
131
Let k(l) = -l**3 - 29*l**2 + 32*l + 62. What is k(-30)?
2
Let r(u) = -4*u**2 + 6*u + 5. Calculate r(-1).
-5
Let q(b) = -b**3 - 4*b**2 + 12*b + 1. Give q(-6).
1
Let g(c) = c**2 - 2*c + 157. Give g(0).
157
Let i(s) = s**3 - 15*s**2 - 15*s - 14. Give i(16).
2
Let j(z) = -z**3 - 4*z**2 + z + 5. Calculate j(-3).
-7
Let o(d) = -10*d - 88. Calculate o(-8).
-8
Let c(p) = p**3 - 7*p**2 + p + 2. Calculate c(6).
-28
Let w(o) = -2*o**2 + 3*o - 6. Give w(5).
-41
Let y(q) = 3*q**2 - q + 1. Determine y(2).
11
Let p(l) = l**2 - 11*l + 20. What is p(6)?
-10
Let x(q) = -q**3 + 9*q**2 + 6*q + 1. Calculate x(6).
145
Let f(l) = 2*l**2 + 14*l + 1. What is f(-6)?
-11
Let c(o) = 2*o**2 - 82*o + 134. What is c(39)?
-22
Let u(o) = -9*o**2 - 2*o. Determine u(-1).
-7
Let u(o) = -o**3 - 3*o**2 + 13. Give u(-5).
63
Let k(m) = -m**2 + 6*m + 5. Give k(6).
5
Let o(m) = -m**2 + m + 5. Determine o(-4).
-15
Let u(p) = -p**2 - 31*p - 149. What is u(-25)?
1
Let i(x) = -2*x**2 - 3*x + 8. Determine i(-6).
-46
Let r(b) = 21*b**3 - 3*b + 2. Determine r(2).
164
Let d(v) = -v**3 - 22*v**2 - 42*v - 27. Give d(-20).
13
Let v(k) = -k**3 + 3*k**2 + 2*k + 2. Calculate v(3).
8
Let c(f) = 5*f - 32. Determine c(8).
8
Let j(x) = -x**2 + x + 27. What is j(5)?
7
Let h(c) = 52*c - 8. Give h(0).
-8
Let l(p) = p + 4. Calculate l(1).
5
Let o(f) = f**2 - 6*f - 56. Give o(-5).
-1
Let d(v) = v**2 + 12*v - 15. Determine d(7).
118
Let n(i) = -i**2 + 3*i - 8. What is n(6)?
-26
Let p(g) = -3*g**2 - 2*g - 6. Calculate p(-9).
-231
Let s(z) = 6*z**2 - 3*z + 4. Calculate s(1).
7
Let j(k) = -26*k - 564. Calculate j(-22).
8
Let s(n) = -4*n + 12. Calculate s(12).
-36
Let v(h) = 2*h - 27. Determine v(-11).
-49
Let y(c) = -c - 20. Determine y(-10).
-10
Let g(k) = -k**2 - 8*k - 8. Determine g(-9).
-17
Let q(l) = 5*l**2 + 17*l - 2. Determine q(-3).
-8
Let p(l) = 5*l + 11. What is p(-7)?
-24
Let u(w) = -w**3 - 8*w**2 - 7*w - 57. What is u(-8)?
-1
Let d(i) = -i**2 - 2*i + 37. What is d(-8)?
-11
Let v(x) = -x**3 + 7*x**2 + 7*x + 11. Calculate v(8).
3
Let k(q) = -q**2 + 8*q + 7. Give k(6).
19
Let j(v) = v**3 + 10*v**2 + 18*v. What is j(-8)?
-16
Let f(q) = 438*q - 435. Calculate f(1).
3
Let l(r) = r**3 + 15*r**2 + 22*r - 46. What is l(-13)?
6
Let v(f) = f**3 - 7*f**2 + 7*f - 9. Give v(6).
-3
Let z(v) = 19*v + 5. Calculate z(4).
81
Let m(p) = p**3 - 18*p**2 - p + 23. What is m(18)?
5
Let v(n) = n**3 + 12*n**2 + 10*n - 3. Calculate v(-11).
8
Let u(a) = -a**2 - 3*a + 6. Determine u(3).
-12
Let y(s) = s**3 + 13*s**2 + 32*s + 13. Calculate y(-9).
49
Let j(l) = l**2 + 12*l + 7. Give j(-11).
-4
Let z(w) = -w**2 + 7*w - 3. Give z(6).
3
Let d(a) = a**3 - 7*a**2 + 6*a - 6. Give d(6).
-6
L